**2 - z + 3. Let c(h) = 2. Let k(n) = -3*c(n) + q(n). Calculate k(4).
9
Let j(q) = -q**2 + 4*q - 3. Let w be -2 - (15/3 - -1). Let a = -11 - w. Let c = a - -6. Give j(c).
0
Let z(f) = 6*f + 1. Let t(s) = s. Let h = -6 + -8. Let d(a) = h*t(a) + 2*z(a). Suppose 5*u = -2*i + 11, -3*i - 1 = u + 2. What is d(i)?
6
Let s(n) be the second derivative of 0 - 1/6*n**3 + 3/2*n**2 - n. Calculate s(6).
-3
Let q = 31 + -39. Let n(t) = -t**3 - 7*t**2 + 12*t + 1. What is n(q)?
-31
Let j(o) = o**3 - o**2 - 2*o + 2. Suppose -6 = -2*u - u - 5*x, 0 = -5*x. Let l be j(u). Let h(t) = -t + 2. Give h(l).
0
Suppose -4*t - 4*x = t - 26, 2*t = 5*x - 16. Suppose 0 = -4*n + t*u + 18, u - 9 = 4*u. Let y(w) = 3*w - 5*w - 5 + 3. Calculate y(n).
-8
Let s(z) be the first derivative of -2*z**3/3 - z**2 - 3*z - 7. Let l(c) = -c + 3. Let t be (5/3)/(3/9). Let o be l(t). What is s(o)?
-7
Let n(a) = a**2 + 4*a - 5. Let r = 17 - 21. What is n(r)?
-5
Let z(k) = -k - 1. Let x be z(-5). Let j(d) = x*d - 5*d + 2*d - 2*d. Give j(-5).
5
Let s(u) = u**2 - 7*u + 9. Suppose -4*l = -13 - 7. Suppose -2*x = -5*a - 2, 0 = l*x + a - 9 - 23. What is s(x)?
3
Let q(a) = -4*a + 6. Let s = -74 - -79. Determine q(s).
-14
Let f(v) = 8*v**2 + 2*v - 2. Let n(g) = g. Let a be n(-2). Calculate f(a).
26
Let v(h) = 3*h - 1. Let g be v(1). Let m(z) = z**2 - 2 - 2*z - 4*z**g + z - 2*z**3. Let p(f) = f + 2. Let k be p(-4). What is m(k)?
4
Let l = -102 + 103. Let h(v) be the first derivative of 5*v**3/3 + v + 1. Give h(l).
6
Let z(p) be the second derivative of p**7/2520 + p**6/120 - p**5/15 + 7*p**4/12 - 4*p. Let c(i) be the third derivative of z(i). Give c(-7).
-1
Suppose -7*x + 2*x - 20 = 0. Let d = 2 + x. Let r(u) be the third derivative of u**4/6 + u**3/6 - u**2. Give r(d).
-7
Let n(w) = -w - 3. Let d(z) = -3. Let a(x) = -2. Let m(h) = 8*a(h) - 5*d(h). Let s(q) = -4*m(q) - n(q). What is s(-3)?
4
Let t(o) = -o**2 - 4*o - 5. Let d be (-105)/20 + (-3)/(-12). What is t(d)?
-10
Let d(j) = -j**3 + 3*j**2 - 3. Let t be d(2). Let u(f) be the third derivative of -f**6/15 - f**4/24 + f**2. Determine u(t).
-9
Let r(i) = -2*i**2 - 3. Let t be r(-3). Let m = 7 + t. Let b be 24/m + 2/(-7). Let u(s) = -s**3 - 4*s**2 - 3*s - 1. Determine u(b).
-3
Let z be -5 + 1 + -1 + -1. Let u(f) = -f**2 - 5*f - 2. Give u(z).
-8
Suppose 6 = -2*g + 3*g. Let z = g - 4. Let d(r) = -r**3 + r**2 - r. Determine d(z).
-6
Let g(m) = m**3 + m**2 - 5*m + 4. Let c(k) = -2*k**3 + 6*k - 4. Let d be 5 - (-1 + 3 - -1). Let w(q) = d*c(q) + 3*g(q). Give w(3).
-5
Let r(a) = a + 20. Let c be r(-14). Let x(b) be the third derivative of 0 + 1/6*b**4 + 1/20*b**5 - 1/120*b**c + 0*b - 2*b**2 - 5/6*b**3. What is x(4)?
-5
Let j = 2 - 1. Let o(d) = -13*d**2 - 2*d - 5. Let a(v) = 2*v**2 + 1. Let t(q) = -6*a(q) - o(q). What is t(j)?
2
Let h = 10 - 7. Let b(y) = 5*y - 3. What is b(h)?
12
Let y(r) = -r**3 + 2*r**2 + 2*r - 2. Let t be 20/16*2*8/(-10). Determine y(t).
10
Let q = 4 - 4. Suppose -2*y + q = -2. Let p(s) = 5*s - 1. Determine p(y).
4
Let v(a) = -12*a - 1. Let h(k) = -k**3 - 6*k**2 + k + 7. Let r be h(-6). Determine v(r).
-13
Let v(x) = -3*x**3 + x**2 + 2*x + 1. Let i be v(-1). Suppose -i*q - 2*q = 4*f - 1, 0 = 5*f + 5*q. Let w(t) = -9*t**3 - t**2 + t + 1. Calculate w(f).
8
Let k(x) = x**3 - 2*x. Suppose -3*j = 2*j. Suppose 4*b + 4 + 4 = j. Give k(b).
-4
Suppose -6*l + 9 = -3*l - 3*u, -5*u + 25 = 0. Let w be 32/18 - 2/(-9). Let t(y) = 2*y**2 + l*y**w - 5 + 4. Determine t(1).
9
Suppose 3*t + 37 = 55. Let n(f) = 23 - 2*f - 16 + f. What is n(t)?
1
Let i(m) = -m**2 - 8*m + 9. Let g be 14/91 + (-238)/26. Give i(g).
0
Let g(a) = -a**3 - 5*a**2 + 9*a + 8. Let n(b) = b**3 + 5*b**2 - 9*b - 8. Suppose 5*p + 3*l = 42, 3*p + 2*p - l = 26. Let f(j) = p*g(j) + 5*n(j). What is f(-6)?
-10
Let r be ((-4)/(-6))/(4/6). Let j(w) = w**2 - w + w**3 + 3*w**2 - r - 3. Suppose -2*n + 4*n = -5*u - 16, -u = -3*n + 10. Determine j(u).
0
Let u(k) = 2*k**3 - 11*k**2 - 7*k + 6. Let j be u(6). Let c(x) be the first derivative of -2/3*x**3 - 1/4*x**4 - 1/2*x**2 + j*x + 3. Give c(-1).
0
Let l(j) be the first derivative of -1/3*j**3 - 7/2*j**2 - 5 - 8*j. Give l(-6).
-2
Let h(o) = 2*o**2 + 3*o - 11. Let a(d) = d**2 + 2*d - 5. Let m(t) = 5*a(t) - 2*h(t). Suppose 0*k - 4*k + 4*q = 8, 4*k + 11 = 3*q. What is m(k)?
2
Let b(v) be the first derivative of -3/2*v**2 - 1/4*v**4 - 2*v + 2*v**3 + 5. Calculate b(5).
8
Let b(p) = 6*p**2 - 7*p**2 + 7*p**2 - 6 - 3*p + p**3 + 2*p. Calculate b(-6).
0
Let q(n) = n**3 - n**2 - 3*n + 3. Suppose 23 - 11 = -2*x. Let h = x - -9. Give q(h).
12
Let r(b) = 2*b**2 + 5*b + 3. Let k(t) = -3*t**2 - 7*t - 4. Let o = -8 - -8. Suppose -3*y - 2*y - 25 = o. Let x(u) = y*k(u) - 7*r(u). Calculate x(-1).
0
Let v = -9 + 9. Let o(z) be the first derivative of -z**4/4 - z**3/3 + 9*z - 6. Give o(v).
9
Let n(a) = a**2 + 4*a - 5. Let g(o) = -o - 1. Let d be g(5). Suppose 0 = -k + 2. Let i = d + k. Calculate n(i).
-5
Let u = -99 - -95. Let c(a) = -2*a - 2. What is c(u)?
6
Let u(w) = -w**3 + 4*w**2 - 5. Let y be u(4). Let j(r) = -r - 5. What is j(y)?
0
Let d(w) = -w**2 - 3*w - 5. Let z(l) = -l - 1. Let u(c) = d(c) - 5*z(c). Let a be 4 - (2/1)/1. Suppose o - 8 = a*i - 0*i, -o - 4 = 2*i. Determine u(o).
0
Let f(a) be the third derivative of -a**7/5040 - 7*a**6/720 - a**5/60 - a**2. Let p(y) be the third derivative of f(y). Suppose -3*x - 10 = -x. What is p(x)?
-2
Let w(t) be the first derivative of -t**4 - 2*t**3/3 + t + 3. What is w(-1)?
3
Let t(v) = -2*v - 2. Let s(d) = -d**2 + 22*d - 43. Let h be s(20). Calculate t(h).
4
Let r(m) = -m**2 - 5*m - 3. Let j be 2 - 3/2*(-190)/(-57). Calculate r(j).
3
Let s(t) = t**2 - 3*t**2 + 4*t**2 + 2 - 3*t**2. Let b = 6 - 8. Determine s(b).
-2
Let n = -4 + 6. Let q be (-10)/(3*n/(-3)). Let x(o) = -o - 7*o**2 + 0 + 12*o**2 - o**3 - 1. What is x(q)?
-6
Let j(r) = -r**3 + 4*r**2 - 2*r + 1. Let w be (-2)/6 - (-75)/9. Suppose 0 = 2*x - w, 0 = -f - x + 6 + 7. Suppose f = 5*i - 2*i. Give j(i).
4
Let j(m) = m**2 - 10*m - 14. Let f be ((-3)/(-2))/((-1)/(-44)*6). Determine j(f).
-3
Let h(d) be the first derivative of -7*d - 1/3*d**3 + 3*d**2 - 2. Give h(5).
-2
Let x be ((-4)/(-14)*1)/(4/7). Let t(j) be the second derivative of -j**2 + 1/6*j**4 + 1/10*j**5 + 0 - 3*j - x*j**3. Determine t(-2).
-4
Let i = 4 - 5. Let y(o) = -o**2 + o - 1. Let v(j) = -j + 4. Let p(m) = i*v(m) - 2*y(m). What is p(2)?
4
Let a = 23 - 19. Let v(s) = s + 1. Calculate v(a).
5
Let f(t) = -t**3 - 6*t**2 + 4*t + 6. Suppose -y + 19 = -3*x, -5*y = -x - x - 17. Determine f(x).
-18
Let d(h) = h**2 - 8*h - 6. Suppose q - 28 + 19 = 0. Determine d(q).
3
Let h(q) be the third derivative of q**5/60 - 3*q**3/2 - 28*q**2 + 1. Let x = -1 + 1. Calculate h(x).
-9
Let c(t) = -t**2 - 3*t - 4. Suppose 3*r = -1 - 8. Give c(r).
-4
Let u(z) be the third derivative of z**4/24 - z**3/6 + z**2. Suppose 0 = 8*c + 18 + 30. Determine u(c).
-7
Let z(i) = -i**3 + 5*i**2 - 8 + 0*i**2 + i - 4*i**2. Give z(0).
-8
Suppose -3*a - a = -16. Suppose b + 0*x - 18 = a*x, 0 = b + 3*x + 10. Let z be (2 + -2)/(b - 1). Let s(d) = d**3 - d - 7. Determine s(z).
-7
Suppose f = -f + 2. Suppose -5*n = -4*n - f. Let y(u) = -5*u**3 - 2*u**2 + 2*u - 1. Give y(n).
-6
Let l(r) be the second derivative of -r**5/20 + r**4/12 - r**3/6 - 2*r. Let m(s) = -s**3 - 7*s**2 + 9*s + 8. Let k be m(-8). Calculate l(k).
0
Let y(t) = 1 - 3*t + t + 4*t**2 - 4*t + 4*t. Let z be 2/(-4) + (-3)/(-2). Let o be y(z). Let q(f) = f**2 + f - 3. Give q(o).
9
Let h(x) = -x + 5. Suppose 5*u = -4*z + 27 + 13, 4*z + 2*u = 28. Let t = 3 - z. Let k = t - -2. Calculate h(k).
5
Let r(c) = c**3 - 6*c**2 + 3. Let f = 8 + -2. Determine r(f).
3
Let c(h) be the third derivative of -h**4/24 - 7*h**3/6 + h**2. Let s(j) = -j**2 + 6*j + 1 + 1 + 0. Let y be s(7). What is c(y)?
-2
Let b(q) = q**2. Let d(z) = -5*z + 1. Let a(k) = -b(k) + d(k). Let p be a(-5). Let x = 4 + p. Let w(y) = -y**3 + 4*y**2 + 5*y - 6. Determine w(x).
-6
Let j(o) = -o**3 - 3*o**2 - 3*o - 3. Let f(r) = -r - 3. Let z be f(0). Let s be j(z). Let d(x) = x**2 - 5*x - 7. Determine d(s).
-1
Let j(s) be the second derivative of s**4/12 + 5*s**3/6 + 7*s**2/2 - s. Let a = 5 + 3. Let c = -13 + a. Determine j(c).
7
Let d(i) = -4*i**3 + i**2 + i. Suppose -5*n + 5 = 10. Give d(n).
4
Let l(o) = -o + 16. Let g be (-4 + 4)/(-4 - 